{"id":59,"date":"2014-12-30T01:05:46","date_gmt":"2014-12-30T01:05:46","guid":{"rendered":"http:\/\/raku-en-liberte.fr\/?page_id=59"},"modified":"2023-12-05T17:47:44","modified_gmt":"2023-12-05T17:47:44","slug":"latelier-2","status":"publish","type":"page","link":"https:\/\/raku-en-liberte.fr\/?page_id=59","title":{"rendered":"L&rsquo;atelier"},"content":{"rendered":"\t\t<div data-elementor-type=\"wp-page\" data-elementor-id=\"59\" class=\"elementor elementor-59\">\n\t\t\t\t\t\t\t<div class=\"elementor-element elementor-element-3b2e1c58 e-flex e-con-boxed e-con e-parent\" data-id=\"3b2e1c58\" data-element_type=\"container\" data-settings=\"{&quot;content_width&quot;:&quot;boxed&quot;}\" data-core-v316-plus=\"true\">\n\t\t\t\t\t<div class=\"e-con-inner\">\n\t\t\t\t<div class=\"elementor-element elementor-element-006bb68 elementor-widget elementor-widget-text-editor\" data-id=\"006bb68\" data-element_type=\"widget\" data-widget_type=\"text-editor.default\">\n\t\t\t\t<div class=\"elementor-widget-container\">\n\t\t\t<style>\/*! elementor - v3.18.0 - 04-12-2023 *\/\n.elementor-widget-text-editor.elementor-drop-cap-view-stacked .elementor-drop-cap{background-color:#69727d;color:#fff}.elementor-widget-text-editor.elementor-drop-cap-view-framed .elementor-drop-cap{color:#69727d;border:3px solid;background-color:transparent}.elementor-widget-text-editor:not(.elementor-drop-cap-view-default) .elementor-drop-cap{margin-top:8px}.elementor-widget-text-editor:not(.elementor-drop-cap-view-default) .elementor-drop-cap-letter{width:1em;height:1em}.elementor-widget-text-editor .elementor-drop-cap{float:left;text-align:center;line-height:1;font-size:50px}.elementor-widget-text-editor .elementor-drop-cap-letter{display:inline-block}<\/style>\t\t\t\t<div id=\"attachment_25\" style=\"width: 297px\" class=\"wp-caption aligncenter\"><a href=\"https:\/\/raku-en-liberte.fr\/wp-content\/uploads\/2014\/12\/Claude-Cubizolles.jpg\"><img fetchpriority=\"high\" decoding=\"async\" aria-describedby=\"caption-attachment-25\" class=\"size-full wp-image-25\" src=\"https:\/\/raku-en-liberte.fr\/wp-content\/uploads\/2014\/12\/Claude-Cubizolles.jpg\" alt=\"Claude Cubizolles\" width=\"287\" height=\"300\" \/><\/a><p id=\"caption-attachment-25\" class=\"wp-caption-text\">Claude Cubizolles<\/p><\/div><p style=\"text-align: center;\">L&rsquo;atelier associatif \u00ab\u00a0RAKU en Libert\u00e9\u00a0\u00bb\u00a0 \u00e0 Maringues (Puy de D\u00f4me, Auvergne) vous propose des stages RAKU et tout ce dont vous pourriez avoir besoin si le RAKU vous int\u00e9resse.<\/p><p style=\"text-align: center;\">Que vous soyez novice en la mati\u00e8re et souhaitiez vous initier, ou bien que vous soyez d\u00e9j\u00e0 aguerris et souhaitiez profiter des installations (four, cabine d&rsquo;\u00e9maillage, ect&#8230;), vous \u00eates le\/la bienvenu !<\/p><p style=\"text-align: center;\">L&rsquo;atelier propose entre autre des stages d&rsquo;initiation au Raku, \u00e0 cot\u00e9 de Clermont Ferrand. Un des seuls lieux en Auvergne \u00e0<\/p><p style=\"text-align: center;\">proposer des stages RAKU en toute flexibilit\u00e9.<\/p><p style=\"text-align: center;\">Claude, c\u00e9ramiste depuis plus de 30 ans et passionn\u00e9e de la technique vous accueille, vous accompagne et vous conseille dans vos cr\u00e9ations.<\/p><p style=\"text-align: center;\">L&rsquo;atelier se veut \u00eatre un point de rencontre des artistes c\u00e9ramistes et d&rsquo;amateurs int\u00e9ress\u00e9s alors n&rsquo;h\u00e9sitez pas \u00e0 venir participer et faire partager vos exp\u00e9riences.<\/p>\t\t\t\t\t\t<\/div>\n\t\t\t\t<\/div>\n\t\t\t\t<div class=\"elementor-element elementor-element-66a41914 elementor-widget elementor-widget-text-editor\" data-id=\"66a41914\" data-element_type=\"widget\" data-widget_type=\"text-editor.default\">\n\t\t\t\t<div class=\"elementor-widget-container\">\n\t\t\t\t\t\t\t<p style=\"text-align: center;\">L&rsquo;atelier est pens\u00e9 et con\u00e7u pour palier au maximum aux besoins que n\u00e9cessite une bonne pratique du RAKU.<\/p>\r\n\r\n\r\n<div id=\"attachment_52\" style=\"width: 810px\" class=\"wp-caption aligncenter\"><a href=\"https:\/\/raku-en-liberte.fr\/wp-content\/uploads\/2014\/12\/atelier.jpg\"><img decoding=\"async\" aria-describedby=\"caption-attachment-52\" class=\"size-full wp-image-52\" alt=\"L'atelier\" src=\"https:\/\/raku-en-liberte.fr\/wp-content\/uploads\/2014\/12\/atelier.jpg\" width=\"800\" height=\"532\" srcset=\"https:\/\/raku-en-liberte.fr\/wp-content\/uploads\/2014\/12\/atelier.jpg 800w, https:\/\/raku-en-liberte.fr\/wp-content\/uploads\/2014\/12\/atelier-300x199.jpg 300w\" sizes=\"(max-width: 800px) 100vw, 800px\" \/><\/a><p id=\"caption-attachment-52\" class=\"wp-caption-text\">L&rsquo;atelier<\/p><\/div>\r\n\r\n&nbsp;\r\n\r\n<div id=\"attachment_55\" style=\"width: 542px\" class=\"wp-caption aligncenter\"><a href=\"https:\/\/raku-en-liberte.fr\/wp-content\/uploads\/2014\/12\/four.jpg\"><img decoding=\"async\" aria-describedby=\"caption-attachment-55\" class=\"size-full wp-image-55\" alt=\"Le four \u00e0 RAKU\" src=\"https:\/\/raku-en-liberte.fr\/wp-content\/uploads\/2014\/12\/four.jpg\" width=\"532\" height=\"800\" srcset=\"https:\/\/raku-en-liberte.fr\/wp-content\/uploads\/2014\/12\/four.jpg 532w, https:\/\/raku-en-liberte.fr\/wp-content\/uploads\/2014\/12\/four-199x300.jpg 199w\" sizes=\"(max-width: 532px) 100vw, 532px\" \/><\/a><p id=\"caption-attachment-55\" class=\"wp-caption-text\">Le four \u00e0 RAKU \u00a0 \u00a0 \u00a0 Dimensions : \u00a0L: 45 cm l: 45cm H: 65cm<\/p><\/div>\r\n\r\n<div id=\"attachment_53\" style=\"width: 542px\" class=\"wp-caption aligncenter\"><a href=\"https:\/\/raku-en-liberte.fr\/wp-content\/uploads\/2014\/12\/cabine.jpg\"><img loading=\"lazy\" decoding=\"async\" aria-describedby=\"caption-attachment-53\" class=\"size-full wp-image-53\" alt=\"La cabine d'\u00e9mmaillage\" src=\"https:\/\/raku-en-liberte.fr\/wp-content\/uploads\/2014\/12\/cabine.jpg\" width=\"532\" height=\"800\" srcset=\"https:\/\/raku-en-liberte.fr\/wp-content\/uploads\/2014\/12\/cabine.jpg 532w, https:\/\/raku-en-liberte.fr\/wp-content\/uploads\/2014\/12\/cabine-199x300.jpg 199w\" sizes=\"(max-width: 532px) 100vw, 532px\" \/><\/a><p id=\"caption-attachment-53\" class=\"wp-caption-text\">La cabine d\u2019\u00e9maillage<\/p><\/div>\r\n\r\n&nbsp;\r\n\r\n<div id=\"attachment_56\" style=\"width: 810px\" class=\"wp-caption aligncenter\"><a href=\"https:\/\/raku-en-liberte.fr\/wp-content\/uploads\/2014\/12\/materiel.jpg\"><img loading=\"lazy\" decoding=\"async\" aria-describedby=\"caption-attachment-56\" class=\"size-full wp-image-56\" alt=\"Tout le mat\u00e9riel n\u00e9cessaire.\" src=\"https:\/\/raku-en-liberte.fr\/wp-content\/uploads\/2014\/12\/materiel.jpg\" width=\"800\" height=\"532\" srcset=\"https:\/\/raku-en-liberte.fr\/wp-content\/uploads\/2014\/12\/materiel.jpg 800w, https:\/\/raku-en-liberte.fr\/wp-content\/uploads\/2014\/12\/materiel-300x199.jpg 300w\" sizes=\"(max-width: 800px) 100vw, 800px\" \/><\/a><p id=\"caption-attachment-56\" class=\"wp-caption-text\">Tout le mat\u00e9riel n\u00e9cessaire<\/p><\/div>\r\n\r\n&nbsp;\r\n\r\n<div id=\"attachment_54\" style=\"width: 810px\" class=\"wp-caption aligncenter\"><a href=\"https:\/\/raku-en-liberte.fr\/wp-content\/uploads\/2014\/12\/emaux.jpg\"><img loading=\"lazy\" decoding=\"async\" aria-describedby=\"caption-attachment-54\" class=\"size-full wp-image-54\" alt=\"Des dizaines d'\u00e9maux et lustres \u00e0 votre disposition\" src=\"https:\/\/raku-en-liberte.fr\/wp-content\/uploads\/2014\/12\/emaux.jpg\" width=\"800\" height=\"532\" srcset=\"https:\/\/raku-en-liberte.fr\/wp-content\/uploads\/2014\/12\/emaux.jpg 800w, https:\/\/raku-en-liberte.fr\/wp-content\/uploads\/2014\/12\/emaux-300x199.jpg 300w\" sizes=\"(max-width: 800px) 100vw, 800px\" \/><\/a><p id=\"caption-attachment-54\" class=\"wp-caption-text\">Des dizaines d&rsquo;\u00e9maux et lustres \u00e0 votre disposition<\/p><\/div>\r\n\r\n&nbsp;\r\n\r\n&nbsp;\r\n\r\n&nbsp;\r\n\r\n&nbsp;\r\n\r\n&nbsp;\t\t\t\t\t\t<\/div>\n\t\t\t\t<\/div>\n\t\t\t\t\t<\/div>\n\t\t\t\t<\/div>\n\t\t\t\t\t\t\t<\/div>\n\t\t","protected":false},"excerpt":{"rendered":"<p>L&rsquo;atelier associatif \u00ab\u00a0RAKU en Libert\u00e9\u00a0\u00bb\u00a0 \u00e0 Maringues (Puy de D\u00f4me, Auvergne) vous propose des stages RAKU et tout ce dont vous pourriez avoir besoin si le RAKU vous int\u00e9resse. Que vous soyez novice en la mati\u00e8re et souhaitiez vous initier, ou bien que vous soyez d\u00e9j\u00e0 aguerris et souhaitiez profiter des installations (four, cabine d&rsquo;\u00e9maillage, [&hellip;]<\/p>\n","protected":false},"author":1,"featured_media":0,"parent":0,"menu_order":0,"comment_status":"closed","ping_status":"open","template":"","meta":{"footnotes":""},"_links":{"self":[{"href":"https:\/\/raku-en-liberte.fr\/index.php?rest_route=\/wp\/v2\/pages\/59"}],"collection":[{"href":"https:\/\/raku-en-liberte.fr\/index.php?rest_route=\/wp\/v2\/pages"}],"about":[{"href":"https:\/\/raku-en-liberte.fr\/index.php?rest_route=\/wp\/v2\/types\/page"}],"author":[{"embeddable":true,"href":"https:\/\/raku-en-liberte.fr\/index.php?rest_route=\/wp\/v2\/users\/1"}],"replies":[{"embeddable":true,"href":"https:\/\/raku-en-liberte.fr\/index.php?rest_route=%2Fwp%2Fv2%2Fcomments&post=59"}],"version-history":[{"count":12,"href":"https:\/\/raku-en-liberte.fr\/index.php?rest_route=\/wp\/v2\/pages\/59\/revisions"}],"predecessor-version":[{"id":223,"href":"https:\/\/raku-en-liberte.fr\/index.php?rest_route=\/wp\/v2\/pages\/59\/revisions\/223"}],"wp:attachment":[{"href":"https:\/\/raku-en-liberte.fr\/index.php?rest_route=%2Fwp%2Fv2%2Fmedia&parent=59"}],"curies":[{"name":"wp","href":"https:\/\/api.w.org\/{rel}","templated":true}]}}